{"id":37484,"date":"2021-03-23T12:21:31","date_gmt":"2021-03-23T11:21:31","guid":{"rendered":"https:\/\/www.ruhrgetriebe.de\/?post_type=product&#038;p=37484"},"modified":"2021-12-03T12:57:40","modified_gmt":"2021-12-03T11:57:40","slug":"sn5frh-i55-45w","status":"publish","type":"product","link":"https:\/\/www.ruhrgetriebe.de\/shop\/produkt\/sn5frh-i55-45w\/","title":{"rendered":"SN5FRH-i55-45W"},"content":{"rendered":"","protected":false},"excerpt":{"rendered":"<p>F\u00fcr jede Aufgabenstellung die passende Antriebsl\u00f6sung:<\/p>\n<p>&nbsp;<\/p>\n<p>Die hochwertigen SN5-Schneckengetriebemotoren mit Aluminiumgeh\u00e4use bestechen durch ihre kompakten Raumma\u00dfe und flexiblen Einsatzm\u00f6glichkeiten. Sie eignen sich vor allem f\u00fcr Anwendungen, bei denen der Bauraum knapp ist, aber auf Drehmomente nicht verzichtet werden kann. Die Schneckenr\u00e4der aus Messing sind hochbelastbar, widerstandsf\u00e4hig und verschlei\u00dffest.<\/p>\n<p>Durch die Fettschmierung mit NSF N1-Freigabe eignet sich der Getriebemotor aber nicht nur f\u00fcr Anwendungen mit geringen Platzverh\u00e4ltnissen, sondern auch f\u00fcr die Lebensmittelindustrie.<\/p>\n<p>Typische Einsatzbereiche f\u00fcr unsere SN5-Getriebe sind Zuf\u00fchr- oder Automatisierungssysteme.<\/p>\n","protected":false},"featured_media":37398,"template":"","meta":{"_acf_changed":false},"product_brand":[],"product_cat":[294],"product_tag":[],"class_list":{"0":"post-37484","1":"product","2":"type-product","3":"status-publish","4":"has-post-thumbnail","6":"product_cat-getriebemotoren","8":"first","9":"instock","10":"shipping-taxable","11":"product-type-simple"},"acf":[],"_links":{"self":[{"href":"https:\/\/www.ruhrgetriebe.de\/shop\/wp-json\/wp\/v2\/product\/37484","targetHints":{"allow":["GET"]}}],"collection":[{"href":"https:\/\/www.ruhrgetriebe.de\/shop\/wp-json\/wp\/v2\/product"}],"about":[{"href":"https:\/\/www.ruhrgetriebe.de\/shop\/wp-json\/wp\/v2\/types\/product"}],"wp:featuredmedia":[{"embeddable":true,"href":"https:\/\/www.ruhrgetriebe.de\/shop\/wp-json\/wp\/v2\/media\/37398"}],"wp:attachment":[{"href":"https:\/\/www.ruhrgetriebe.de\/shop\/wp-json\/wp\/v2\/media?parent=37484"}],"wp:term":[{"taxonomy":"product_brand","embeddable":true,"href":"https:\/\/www.ruhrgetriebe.de\/shop\/wp-json\/wp\/v2\/product_brand?post=37484"},{"taxonomy":"product_cat","embeddable":true,"href":"https:\/\/www.ruhrgetriebe.de\/shop\/wp-json\/wp\/v2\/product_cat?post=37484"},{"taxonomy":"product_tag","embeddable":true,"href":"https:\/\/www.ruhrgetriebe.de\/shop\/wp-json\/wp\/v2\/product_tag?post=37484"}],"curies":[{"name":"wp","href":"https:\/\/api.w.org\/{rel}","templated":true}]}}